{"id":2,"date":"2025-07-02T16:20:38","date_gmt":"2025-07-02T19:20:38","guid":{"rendered":"http:\/\/www.dr-eza.cl\/?page_id=2"},"modified":"2025-10-01T11:16:49","modified_gmt":"2025-10-01T14:16:49","slug":"pagina-de-ejemplo","status":"publish","type":"page","link":"http:\/\/www.dr-eza.cl\/","title":{"rendered":"Inicio"},"content":{"rendered":"\n<div class=\"wp-block-columns cm-technology-section-2 is-layout-flex wp-container-core-columns-is-layout-28f84493 wp-block-columns-is-layout-flex\">\n<div class=\"wp-block-column is-layout-flow wp-container-core-column-is-layout-6d8aaa9a wp-block-column-is-layout-flow\">\n<figure class=\"wp-block-image alignfull size-full has-custom-border\"><a href=\"http:\/\/www.dr-eza.cl\/wp-content\/uploads\/2025\/09\/CALENDARIO-ACADEMICO-DR-EZA-2025.pdf\" target=\"_blank\" rel=\" noreferrer noopener\"><img loading=\"lazy\" decoding=\"async\" width=\"250\" height=\"150\" src=\"http:\/\/www.dr-eza.cl\/wp-content\/uploads\/2025\/09\/centro_calendario2025.png\" alt=\"\" class=\"wp-image-306\" style=\"border-radius:4px\"\/><\/a><\/figure>\n\n\n\n<h5 class=\"wp-block-heading has-ibm-plex-serif-font-family\" style=\"margin-top:0;margin-bottom:0;font-size:16px;font-style:normal;font-weight:600;line-height:26px;text-transform:capitalize\">Calendario Acad\u00e9mico<\/h5>\n<\/div>\n\n\n\n<div class=\"wp-block-column is-layout-flow wp-container-core-column-is-layout-6d8aaa9a wp-block-column-is-layout-flow\">\n<figure class=\"wp-block-image alignfull size-full has-custom-border\"><a href=\"http:\/\/www.dr-eza.cl\/?page_id=163\"><img loading=\"lazy\" decoding=\"async\" width=\"250\" height=\"150\" src=\"http:\/\/www.dr-eza.cl\/wp-content\/uploads\/2025\/09\/cursos-01.png\" alt=\"\" class=\"wp-image-308\" style=\"border-radius:4px\"\/><\/a><\/figure>\n\n\n\n<h5 class=\"wp-block-heading has-ibm-plex-serif-font-family\" style=\"margin-top:0;margin-bottom:0;font-size:16px;font-style:normal;font-weight:600;line-height:26px;text-transform:capitalize\">Cursos del Programa<\/h5>\n<\/div>\n\n\n\n<div class=\"wp-block-column is-layout-flow wp-container-core-column-is-layout-6d8aaa9a wp-block-column-is-layout-flow\">\n<figure class=\"wp-block-image alignfull size-full has-custom-border\"><a href=\"http:\/\/www.dr-eza.cl\/?page_id=358\"><img loading=\"lazy\" decoding=\"async\" width=\"250\" height=\"150\" src=\"http:\/\/www.dr-eza.cl\/wp-content\/uploads\/2025\/10\/Admision2026.png\" alt=\"\" class=\"wp-image-384\" style=\"border-radius:4px\"\/><\/a><\/figure>\n\n\n\n<h5 class=\"wp-block-heading has-ibm-plex-serif-font-family\" style=\"margin-top:0;margin-bottom:0;font-size:16px;font-style:normal;font-weight:600;line-height:26px;text-transform:capitalize\">Admisi\u00f3n 2026<\/h5>\n<\/div>\n<\/div>\n\n\n\n<hr class=\"wp-block-separator aligncenter has-alpha-channel-opacity\"\/>\n\n\n\n<p><br><br><strong>Objetivos del Programa<\/strong><\/p>\n\n\n\n<p>Objetivo General<\/p>\n\n\n\n<ul class=\"wp-block-list\">\n<li>Contribuir a la formaci\u00f3n de cient\u00edficos capaces de aportar al desarrollo del conocimiento de los ecosistemas \u00e1ridos de Chile, particularmente en lo concerniente a patrones, procesos y mecanismos ecol\u00f3gicos, facilitando as\u00ed futuras iniciativas de conservaci\u00f3n de su biodiversidad.<\/li>\n<\/ul>\n\n\n\n<hr class=\"wp-block-separator aligncenter has-alpha-channel-opacity\"\/>\n\n\n\n<p>Objetivos Espec\u00edficos<\/p>\n\n\n\n<ul class=\"wp-block-list\">\n<li>Formar cient\u00edficos capaces de desarrollar las ciencias ecol\u00f3gicas, con \u00e9nfasis en ecosistemas \u00e1ridos, integrando todos los niveles de organizaci\u00f3n biol\u00f3gica, y sin distinci\u00f3n de taxa.<\/li>\n\n\n\n<li>Generar herramientas te\u00f3ricas con utilidad potencial para el uso sustentable de los recursos naturales y la conservaci\u00f3n de la biodiversidad en ecosistemas \u00e1ridos.<\/li>\n\n\n\n<li>Potenciar la productividad cient\u00edfica de los estudiantes y acad\u00e9micos del Programa a trav\u00e9s de la publicaci\u00f3n de los resultados de las tesis doctorales en revistas de corriente principal y su difusi\u00f3n en congresos nacionales e internacionales.<\/li>\n<\/ul>\n\n\n\n<hr class=\"wp-block-separator aligncenter has-alpha-channel-opacity\"\/>\n\n\n\n<div class=\"wp-block-media-text is-stacked-on-mobile is-vertically-aligned-top\" style=\"grid-template-columns:15% auto\"><figure class=\"wp-block-media-text__media\"><img loading=\"lazy\" decoding=\"async\" width=\"117\" height=\"166\" src=\"http:\/\/www.dr-eza.cl\/wp-content\/uploads\/2025\/07\/logo_eza.jpg\" alt=\"\" class=\"wp-image-19 size-full\"\/><\/figure><div class=\"wp-block-media-text__content\">\n<p class=\"has-text-align-left\">El Programa se integra con el&nbsp;<a href=\"http:\/\/www.biouls.cl\/magister\" target=\"_blank\" rel=\"noreferrer noopener\">Mag\u00edster en Ciencias Biol\u00f3gicas, menci\u00f3n Ecolog\u00eda de Zonas \u00c1ridas<\/a>. Ambos programas buscan consolidar una masa cr\u00edtica de investigadores con s\u00f3lida formaci\u00f3n en ciencias ecol\u00f3gicas relacionadas a los ecosistemas \u00e1ridos de Chile y pretenden aportar al desarrollo y conocimiento de ecosistemas \u00e1ridos de otras regiones del planeta, especialmente de Latinoam\u00e9rica. Igualmente, ambos programas esperan formar profesionales competentes para asesorar la toma de decisiones referentes al desarrollo sustentable de los ecosistemas \u00e1ridos tanto en organismos p\u00fablicos como organizaciones privadas.&nbsp;<strong>Perfil de graduaci\u00f3n<\/strong>&nbsp;Los egresados del programa de Doctorado en Ciencias Biol\u00f3gicas, menci\u00f3n Ecolog\u00eda de Zonas \u00c1ridas ser\u00e1n investigadores vers\u00e1tiles, aut\u00f3nomos, con un profundo manejo conceptual de la ecolog\u00eda a nivel de individuo, poblaci\u00f3n y comunidad, y con especializaci\u00f3n en el \u00e1mbito de las zonas \u00e1ridas. Ser\u00e1n capaces de realizar investigaci\u00f3n original, con amplitud y profundidad, de modo que puedan hacer un aporte significativo al conocimiento de la ecolog\u00eda en ecosistemas \u00e1ridos. Estos doctores podr\u00e1n abordar de manera creativa y rigurosa el estudio integral del ecosistema \u00e1rido y el dise\u00f1o de estrategias para su conservaci\u00f3n y uso sustentable.&nbsp;<strong>Plan de estudios<\/strong>&nbsp;El plan de estudios tiene una duraci\u00f3n de 4 a\u00f1os (<a href=\"http:\/\/www.dr-eza.cl\/wp-content\/uploads\/2020\/10\/PlanEstudiosDrEZA2020webULS.pdf\" target=\"_blank\" rel=\"noreferrer noopener\">Plan de Estudios<\/a>&nbsp;en pdf).&nbsp;Los estudiantes del Programa no pueden exceder los 6 a\u00f1os totales de estudios, excepto en casos justificados como maternidad, accidentes o enfermedad. La permanencia m\u00ednima en el Programa es de 6 semestres. En el plan de estudios se considera el sistema de cr\u00e9ditos transferibles (SCT-Chile). Un cr\u00e9dito transferible comprende el trabajo acad\u00e9mico realizado por el estudiante en 27 horas cronol\u00f3gicas. La obtenci\u00f3n del grado de doctor en el Programa requiere un m\u00ednimo de 240 cr\u00e9ditos. Espec\u00edficamente, el plan de estudios del Programa consta de: A) 4 cursos obligatorios con una alta demanda de dedicaci\u00f3n (12 cr\u00e9ditos transferibles c\/u) y cuyo contenido pone \u00e9nfasis en ecosistemas de zonas \u00e1ridas:<\/p>\n<\/div><\/div>\n\n\n\n<blockquote class=\"wp-block-quote is-layout-flow wp-block-quote-is-layout-flow\">\n<p>Ecolog\u00eda Molecular<\/p>\n\n\n\n<p>Ecolog\u00eda Funcional<\/p>\n\n\n\n<p>Ecolog\u00eda de Poblaciones<\/p>\n\n\n\n<p>Ecolog\u00eda de Comunidades<\/p>\n<\/blockquote>\n\n\n\n<p><\/p>\n\n\n\n<p>B) 4 a 6 cursos electivos de un total de 18 disponibles (dedicaci\u00f3n menor a la de los obligatorios, 6-9 cr\u00e9ditos transferibles c\/u):<\/p>\n\n\n\n<ul class=\"wp-block-list\">\n<li>Dise\u00f1o Experimental<\/li>\n\n\n\n<li>An\u00e1lisis Multivariado de Datos Ecol\u00f3gicos<\/li>\n\n\n\n<li>Biogeograf\u00eda<\/li>\n\n\n\n<li>Ecofisiolog\u00eda Vegetal<\/li>\n\n\n\n<li>Ecolog\u00eda del Paisaje<\/li>\n\n\n\n<li>Ecolog\u00eda Evolutiva<\/li>\n\n\n\n<li>Paleoecolog\u00eda<\/li>\n\n\n\n<li>Biolog\u00eda de la Conservaci\u00f3n<\/li>\n\n\n\n<li>Flora Nativa: Usos ornamentales, medicinales y alimentos<\/li>\n\n\n\n<li>Respuestas fisiol\u00f3gicas y moleculares de las plantas a estr\u00e9s abi\u00f3tico<\/li>\n\n\n\n<li>Macroecolog\u00eda<\/li>\n\n\n\n<li>Conceptos Fundamentales en Ecolog\u00eda<\/li>\n\n\n\n<li>Redacci\u00f3n Cient\u00edfica<\/li>\n\n\n\n<li>Lecturas Cr\u00edticas en Ecolog\u00eda Evolutiva<\/li>\n\n\n\n<li>Climatolog\u00eda Ecol\u00f3gica<\/li>\n\n\n\n<li>Ecosistemas&nbsp;\u00c1ridos<\/li>\n\n\n\n<li>Evoluci\u00f3n y M\u00e9todo Comparativo Filogen\u00e9tico<\/li>\n\n\n\n<li>Ecolog\u00eda Microbiana<\/li>\n<\/ul>\n\n\n\n<p>C) Otras actividades electivas de car\u00e1cter complementario y con flexibilidad en su formato (1-3 cr\u00e9ditos transferibles c\/u):<\/p>\n\n\n\n<ul class=\"wp-block-list\">\n<li>Unidades de investigaci\u00f3n<\/li>\n\n\n\n<li>Cursos tutoriales<\/li>\n\n\n\n<li>Cursos intensivos<\/li>\n\n\n\n<li>Talleres<\/li>\n\n\n\n<li>Pasant\u00edas de investigaci\u00f3n<\/li>\n<\/ul>\n\n\n\n<p>D) Actividades curriculares obligatorias vinculadas al Proyecto de Tesis y a la defensa de Tesis:<\/p>\n\n\n\n<ul class=\"wp-block-list\">\n<li>Al inicio del semestre IV (primeros 45 d\u00edas), el\/la estudiante debe haber aprobado los 4 cursos obligatorios y los 3 cursos electivos m\u00ednimos, y haber enviado su Proyecto de Tesis a la Comisi\u00f3n de Tesis.<\/li>\n\n\n\n<li>La defensa de Proyecto de Tesis, en conjunto con el Examen de Calificaci\u00f3n, tiene lugar durante el semestre IV. En el Examen de Calificaci\u00f3n se eval\u00faa la profundidad de conocimientos en temas vinculados al Proyecto de Tesis.<\/li>\n\n\n\n<li>En los semestres VI y VIII se presenta p\u00fablicamente un avance de Tesis.<\/li>\n\n\n\n<li>La defensa de Tesis ante la Comisi\u00f3n de Tesis ocurre al final del semestre VIII, siendo requisito tener aceptado un manuscrito en una revista ISI (indexada en la Colecci\u00f3n Principal de Web of Science<sup>TM<\/sup>) como primer autor y basado en la Tesis. Dentro de los 30 d\u00edas posteriores a su aprobaci\u00f3n por la Comisi\u00f3n de Tesis, el\/la estudiante debe presentar en p\u00fablico su Tesis. La Comisi\u00f3n de Tesis est\u00e1 integrada por tres acad\u00e9micos del Programa y un acad\u00e9mico externo.<\/li>\n<\/ul>\n","protected":false},"excerpt":{"rendered":"<p>Calendario Acad\u00e9mico Cursos del Programa Admisi\u00f3n 2026 Objetivos del Programa Objetivo General Objetivos Espec\u00edficos El Programa se integra con el&nbsp;Mag\u00edster<\/p>\n","protected":false},"author":1,"featured_media":0,"parent":0,"menu_order":0,"comment_status":"closed","ping_status":"open","template":"","meta":{"colormag_page_layout":"default_layout","footnotes":""},"class_list":["post-2","page","type-page","status-publish","hentry"],"_links":{"self":[{"href":"http:\/\/www.dr-eza.cl\/index.php?rest_route=\/wp\/v2\/pages\/2","targetHints":{"allow":["GET"]}}],"collection":[{"href":"http:\/\/www.dr-eza.cl\/index.php?rest_route=\/wp\/v2\/pages"}],"about":[{"href":"http:\/\/www.dr-eza.cl\/index.php?rest_route=\/wp\/v2\/types\/page"}],"author":[{"embeddable":true,"href":"http:\/\/www.dr-eza.cl\/index.php?rest_route=\/wp\/v2\/users\/1"}],"replies":[{"embeddable":true,"href":"http:\/\/www.dr-eza.cl\/index.php?rest_route=%2Fwp%2Fv2%2Fcomments&post=2"}],"version-history":[{"count":14,"href":"http:\/\/www.dr-eza.cl\/index.php?rest_route=\/wp\/v2\/pages\/2\/revisions"}],"predecessor-version":[{"id":386,"href":"http:\/\/www.dr-eza.cl\/index.php?rest_route=\/wp\/v2\/pages\/2\/revisions\/386"}],"wp:attachment":[{"href":"http:\/\/www.dr-eza.cl\/index.php?rest_route=%2Fwp%2Fv2%2Fmedia&parent=2"}],"curies":[{"name":"wp","href":"https:\/\/api.w.org\/{rel}","templated":true}]}}