{"id":21,"date":"2025-07-07T17:51:24","date_gmt":"2025-07-07T20:51:24","guid":{"rendered":"http:\/\/www.dr-eza.cl\/?page_id=21"},"modified":"2025-09-10T16:06:29","modified_gmt":"2025-09-10T19:06:29","slug":"direccion","status":"publish","type":"page","link":"http:\/\/www.dr-eza.cl\/?page_id=21","title":{"rendered":"Direcci\u00f3n"},"content":{"rendered":"\n<p class=\"has-text-align-left\"><\/p>\n\n\n\n<h2 class=\"wp-block-heading\">Director de Programa<\/h2>\n\n\n\n<div class=\"wp-block-media-text is-stacked-on-mobile is-vertically-aligned-center\" style=\"grid-template-columns:15% auto\"><figure class=\"wp-block-media-text__media\"><img loading=\"lazy\" decoding=\"async\" width=\"197\" height=\"202\" src=\"http:\/\/www.dr-eza.cl\/wp-content\/uploads\/2025\/07\/n_gouin.fw_.png\" alt=\"\" class=\"wp-image-90 size-full\"\/><\/figure><div class=\"wp-block-media-text__content\">\n<p>Dr. Nicolas Gouin<\/p>\n<\/div><\/div>\n\n\n\n<p><\/p>\n\n\n\n<h2 class=\"wp-block-heading\">Comit\u00e9 Acad\u00e9mico<\/h2>\n\n\n\n<div class=\"wp-block-media-text is-stacked-on-mobile\" style=\"grid-template-columns:15% auto\"><figure class=\"wp-block-media-text__media\"><img loading=\"lazy\" decoding=\"async\" width=\"197\" height=\"202\" src=\"http:\/\/www.dr-eza.cl\/wp-content\/uploads\/2025\/07\/cr_araya.png\" alt=\"\" class=\"wp-image-79 size-full\"\/><\/figure><div class=\"wp-block-media-text__content\">\n<p>Dr. Cristian Araya<\/p>\n<\/div><\/div>\n\n\n\n<div class=\"wp-block-media-text is-stacked-on-mobile\" style=\"grid-template-columns:15% auto\"><figure class=\"wp-block-media-text__media\"><img loading=\"lazy\" decoding=\"async\" width=\"197\" height=\"202\" src=\"http:\/\/www.dr-eza.cl\/wp-content\/uploads\/2025\/07\/a_bertin01.fw_.png\" alt=\"\" class=\"wp-image-69 size-full\"\/><\/figure><div class=\"wp-block-media-text__content\">\n<p>Dra. Ang\u00e9line Bertin<\/p>\n<\/div><\/div>\n\n\n\n<div class=\"wp-block-media-text is-stacked-on-mobile\" style=\"grid-template-columns:15% auto\"><figure class=\"wp-block-media-text__media\"><img loading=\"lazy\" decoding=\"async\" width=\"197\" height=\"202\" src=\"http:\/\/www.dr-eza.cl\/wp-content\/uploads\/2025\/07\/m_rivadeneira-01.png\" alt=\"\" class=\"wp-image-200 size-full\"\/><\/figure><div class=\"wp-block-media-text__content\">\n<p>Dr. Marcelo Rivadeneira<\/p>\n<\/div><\/div>\n\n\n\n<div class=\"wp-block-media-text is-stacked-on-mobile\" style=\"grid-template-columns:15% auto\"><figure class=\"wp-block-media-text__media\"><img loading=\"lazy\" decoding=\"async\" width=\"197\" height=\"202\" src=\"http:\/\/www.dr-eza.cl\/wp-content\/uploads\/2025\/07\/f_squeo-01.png\" alt=\"\" class=\"wp-image-199 size-full\"\/><\/figure><div class=\"wp-block-media-text__content\">\n<p>Dr. Francisco A. Squeo<\/p>\n<\/div><\/div>\n\n\n\n<p><\/p>\n","protected":false},"excerpt":{"rendered":"<p>Director de Programa Dr. Nicolas Gouin Comit\u00e9 Acad\u00e9mico Dr. Cristian Araya Dra. Ang\u00e9line Bertin Dr. Marcelo Rivadeneira Dr. Francisco A.<\/p>\n","protected":false},"author":1,"featured_media":0,"parent":0,"menu_order":0,"comment_status":"closed","ping_status":"closed","template":"","meta":{"colormag_page_layout":"default_layout","footnotes":""},"class_list":["post-21","page","type-page","status-publish","hentry"],"_links":{"self":[{"href":"http:\/\/www.dr-eza.cl\/index.php?rest_route=\/wp\/v2\/pages\/21","targetHints":{"allow":["GET"]}}],"collection":[{"href":"http:\/\/www.dr-eza.cl\/index.php?rest_route=\/wp\/v2\/pages"}],"about":[{"href":"http:\/\/www.dr-eza.cl\/index.php?rest_route=\/wp\/v2\/types\/page"}],"author":[{"embeddable":true,"href":"http:\/\/www.dr-eza.cl\/index.php?rest_route=\/wp\/v2\/users\/1"}],"replies":[{"embeddable":true,"href":"http:\/\/www.dr-eza.cl\/index.php?rest_route=%2Fwp%2Fv2%2Fcomments&post=21"}],"version-history":[{"count":7,"href":"http:\/\/www.dr-eza.cl\/index.php?rest_route=\/wp\/v2\/pages\/21\/revisions"}],"predecessor-version":[{"id":284,"href":"http:\/\/www.dr-eza.cl\/index.php?rest_route=\/wp\/v2\/pages\/21\/revisions\/284"}],"wp:attachment":[{"href":"http:\/\/www.dr-eza.cl\/index.php?rest_route=%2Fwp%2Fv2%2Fmedia&parent=21"}],"curies":[{"name":"wp","href":"https:\/\/api.w.org\/{rel}","templated":true}]}}